{"id":1175,"date":"2019-02-02T17:39:29","date_gmt":"2019-02-02T16:39:29","guid":{"rendered":"http:\/\/www.americanwildwheels.com\/zzap\/?post_type=product&#038;p=1175"},"modified":"2019-02-02T17:39:29","modified_gmt":"2019-02-02T16:39:29","slug":"filtro-kn-jeep-cj-e-jeep-wrangler-yj","status":"publish","type":"product","link":"https:\/\/americanwildwheels.com\/?product=filtro-kn-jeep-cj-e-jeep-wrangler-yj","title":{"rendered":"Filtro K&#038;N &#8211; Jeep CJ e Jeep Wrangler YJ"},"content":{"rendered":"<div class=\"woocommerce-tabs wc-tabs-wrapper\">\n<div id=\"tab-description\" class=\"woocommerce-Tabs-panel woocommerce-Tabs-panel--description panel entry-content wc-tab\" role=\"tabpanel\" aria-labelledby=\"tab-title-description\">\n<p><strong>Filtro lavabile K&amp;N ad elevate prestazioni.<\/strong> Ideale per chi vuole optare per una soluzione tecnica di qualit\u00e0. Il filtro lavabile, oltre che garantire <strong>ottime performance, render\u00e0 pi\u00f9 semplice la manutenzione.<\/strong> E&#8217; possibile infatti acquistare un apposito <strong>Kit di lavaggio filtro K&amp;N<\/strong> con cui si tratter\u00e0 il filtro durante la fase del tagliando motore, per <strong>riportare il filtro come nuovo.<\/strong><\/p>\n<\/div>\n<p>DESCRIZIONE DEL PRODOTTO:<\/p>\n<ul>\n<li>Filtro Lavabile K&amp;N<\/li>\n<li>80-83 Jeep CJ-5 with 2.5L I-4<\/li>\n<li>71-83 Jeep CJ-5 with 4.2L I-6<\/li>\n<li>80-86 Jeep CJ-7 with 2.5L I-4<\/li>\n<li>76-86 Jeep CJ-7 with 4.2L I-6<\/li>\n<li>84-86 Jeep Cherokee (XJ) with 2.8L V6<\/li>\n<li>87-90 Jeep Wrangler (YJ) with 4.2L I-6<\/li>\n<\/ul>\n<\/div>\n","protected":false},"excerpt":{"rendered":"<ul>\n<li>Filtro Lavabile K&amp;N<\/li>\n<li>80-83 Jeep CJ-5 with 2.5L I-4<\/li>\n<li>71-83 Jeep CJ-5 with 4.2L I-6<\/li>\n<li>80-86 Jeep CJ-7 with 2.5L I-4<\/li>\n<li>76-86 Jeep CJ-7 with 4.2L I-6<\/li>\n<li>84-86 Jeep Cherokee (XJ) with 2.8L V6<\/li>\n<li>87-90 Jeep Wrangler (YJ) with 4.2L I-6<\/li>\n<\/ul>\n","protected":false},"featured_media":1176,"template":"","meta":[],"_links":{"self":[{"href":"https:\/\/americanwildwheels.com\/index.php?rest_route=\/wp\/v2\/product\/1175"}],"collection":[{"href":"https:\/\/americanwildwheels.com\/index.php?rest_route=\/wp\/v2\/product"}],"about":[{"href":"https:\/\/americanwildwheels.com\/index.php?rest_route=\/wp\/v2\/types\/product"}],"wp:featuredmedia":[{"embeddable":true,"href":"https:\/\/americanwildwheels.com\/index.php?rest_route=\/wp\/v2\/media\/1176"}],"wp:attachment":[{"href":"https:\/\/americanwildwheels.com\/index.php?rest_route=%2Fwp%2Fv2%2Fmedia&parent=1175"}],"curies":[{"name":"wp","href":"https:\/\/api.w.org\/{rel}","templated":true}]}}