{"id":1910,"date":"2019-06-20T11:52:41","date_gmt":"2019-06-20T09:52:41","guid":{"rendered":"https:\/\/americanwildwheels.com\/?post_type=product&#038;p=1910"},"modified":"2026-03-25T14:38:19","modified_gmt":"2026-03-25T13:38:19","slug":"verricello-warn-8274-70th-anniversary-limited-edition","status":"publish","type":"product","link":"https:\/\/americanwildwheels.com\/?product=verricello-warn-8274-70th-anniversary-limited-edition","title":{"rendered":"Verricello &#8211; Warn 8274 &#8220;70th Anniversary Limited Edition&#8221;"},"content":{"rendered":"<p>Limited Edition del verricello 8274 marca Warn. Con una capacit\u00e0 di traino di 4500 Kg equipaggia una corda sintetica ultraresistente. Realizzato in alluminio ed impermeabile \u00e8 resistente alla corrosione e pu\u00f2 operare in qualsiasi ambiente in totale sicurezza anche grazie al controllo remoto di cui \u00e8 dotato. Warn vende solo 999 verricelli come questo facendolo risultare quindi un pezzo raro, da collezione.<\/p>\n<p><strong>DESCRIZIONE<\/strong><\/p>\n<ul>\n<li>Edizione limitata, sono disponibili solo 999 pezzi<\/li>\n<li>Impermeabile, realizzato in alluminio, resistente alla corrosione<\/li>\n<li>Fune sintetica ultraresistente equipaggiata<\/li>\n<li>Velocit\u00e0 di traino elevata<\/li>\n<li>Capacit\u00e0 massima di traino pari a 4500 kg<\/li>\n<li>I verricello \u00e8 dotato di controllo remoto<\/li>\n<\/ul>\n<p><strong>PER I SEGUENTI MODELLI<\/strong><\/p>\n<ul>\n<li>Tutti i modelli<\/li>\n<\/ul>\n","protected":false},"excerpt":{"rendered":"<ul>\n<li>Capacit\u00e0 di traino 4500 kg<\/li>\n<li>Impermeabile<\/li>\n<li>Realizzato in alluminio e acciaio<\/li>\n<li>Dotato di controllo remoto<\/li>\n<li>Cavo in fibra sintetica<\/li>\n<li>Lunghezza cavo: 45 m<\/li>\n<li>Motore: 12 v (6 cv)<\/li>\n<li>Edizione limitata (999 pz)<\/li>\n<\/ul>\n","protected":false},"featured_media":1912,"template":"","meta":[],"_links":{"self":[{"href":"https:\/\/americanwildwheels.com\/index.php?rest_route=\/wp\/v2\/product\/1910"}],"collection":[{"href":"https:\/\/americanwildwheels.com\/index.php?rest_route=\/wp\/v2\/product"}],"about":[{"href":"https:\/\/americanwildwheels.com\/index.php?rest_route=\/wp\/v2\/types\/product"}],"wp:featuredmedia":[{"embeddable":true,"href":"https:\/\/americanwildwheels.com\/index.php?rest_route=\/wp\/v2\/media\/1912"}],"wp:attachment":[{"href":"https:\/\/americanwildwheels.com\/index.php?rest_route=%2Fwp%2Fv2%2Fmedia&parent=1910"}],"curies":[{"name":"wp","href":"https:\/\/api.w.org\/{rel}","templated":true}]}}