{"id":1969,"date":"2019-07-11T11:37:54","date_gmt":"2019-07-11T09:37:54","guid":{"rendered":"https:\/\/americanwildwheels.com\/?post_type=product&#038;p=1969"},"modified":"2019-07-11T11:37:55","modified_gmt":"2019-07-11T09:37:55","slug":"barra-led-e-series-pro-midnight-50","status":"publish","type":"product","link":"https:\/\/americanwildwheels.com\/?product=barra-led-e-series-pro-midnight-50","title":{"rendered":"Barra LED &#8211; E-Series Pro Midnight 50&#8243;"},"content":{"rendered":"<p>Barra led estremamente versatile. Grazie alla sua ampia gamma di configurazioni Spot\/Flood \/Driving\/Hyperspot\/Diffused\u00a0 si adatta ad ogni situazione, pu\u00f2 inoltre operare combinando le modalit\u00e0 Driving\/Spot e Spot\/Hyperspot. Questa \u00e8 una delle barre led pi\u00f9 efficienti e luminose sul mercato. Questa versione \u00e8 di colore nero e conferir\u00e0 al veicolo un look pi\u00f9 elegante garantendo sempre la massima funzionalit\u00e0 e praticit\u00e0.<\/p>\n<p><strong>DESCRIZIONE<\/strong><\/p>\n<ul>\n<li>Barra versatile che dispone di pi\u00f9 configurazioni<\/li>\n<li>Pu\u00f2 operare combinando diverse configurazioni<\/li>\n<li>Garantisce un potente fascio di luce mantenendo un&#8217;ottima efficienza energetica<\/li>\n<\/ul>\n","protected":false},"excerpt":{"rendered":"<ul>\n<li>Omologazione ECE<\/li>\n<li>Combinazioni tra configurazioni<\/li>\n<li>+50.000 h garantite<\/li>\n<li>Accensione istantanea<\/li>\n<li>Protezione sbalzi di tensione<\/li>\n<li>Lente in policarbonato<\/li>\n<li>Dissipatore di calore integrato<\/li>\n<li>2 supporti a L<\/li>\n<li>Interruttore incluso<\/li>\n<li><span class=\"field-label\">Watt:\u00a0<\/span>377<\/li>\n<li><span class=\"field-label\">Numero LED:\u00a0<\/span>100<\/li>\n<li><span class=\"field-label\">Lumen:\u00a0<\/span>44600<\/li>\n<li><span class=\"field-label\">Distanza massima fascio di luce:\u00a0<\/span>766 m<\/li>\n<\/ul>\n","protected":false},"featured_media":1970,"template":"","meta":[],"_links":{"self":[{"href":"https:\/\/americanwildwheels.com\/index.php?rest_route=\/wp\/v2\/product\/1969"}],"collection":[{"href":"https:\/\/americanwildwheels.com\/index.php?rest_route=\/wp\/v2\/product"}],"about":[{"href":"https:\/\/americanwildwheels.com\/index.php?rest_route=\/wp\/v2\/types\/product"}],"wp:featuredmedia":[{"embeddable":true,"href":"https:\/\/americanwildwheels.com\/index.php?rest_route=\/wp\/v2\/media\/1970"}],"wp:attachment":[{"href":"https:\/\/americanwildwheels.com\/index.php?rest_route=%2Fwp%2Fv2%2Fmedia&parent=1969"}],"curies":[{"name":"wp","href":"https:\/\/api.w.org\/{rel}","templated":true}]}}