{"id":3185,"date":"2019-11-27T09:47:38","date_gmt":"2019-11-27T08:47:38","guid":{"rendered":"https:\/\/americanwildwheels.com\/?post_type=product&#038;p=3185"},"modified":"2020-02-13T10:42:17","modified_gmt":"2020-02-13T09:42:17","slug":"pneumatici-mickey-thompson-et-front-drag-racing-2","status":"publish","type":"product","link":"https:\/\/americanwildwheels.com\/?product=pneumatici-mickey-thompson-et-front-drag-racing-2","title":{"rendered":"Pneumatici &#8211; Mickey Thompson ET Front Drag Racing 2"},"content":{"rendered":"<p>Questi pneumatici anteriori per Drag marca &#8220;Mickey Thompson&#8221; sono ultraleggeri e progettati per offrire la minima resistenza all&#8217;asfalto garantendo la massima robustezza ed affidabilit\u00e0 sulle alte velocit\u00e0. Progettati per garantire le massime prestazioni.<\/p>\n<p>&nbsp;<\/p>\n<p>&nbsp;<\/p>\n<p>&nbsp;<\/p>\n<p style=\"text-align: right;\"><em>-Per questo articolo l&#8217;ordine minimo \u00e8 di due pezzi<\/em><\/p>\n","protected":false},"excerpt":{"rendered":"<p>Questi pneumatici anteriori per Drag marca &#8220;Mickey Thompson&#8221; sono ultraleggeri e progettati per offrire la minima resistenza all&#8217;asfalto garantendo la massima robustezza ed affidabilit\u00e0 sulle alte velocit\u00e0. Progettati per garantire le massime prestazioni. &nbsp; &nbsp; &nbsp; -Per questo articolo l&#8217;ordine minimo \u00e8 di due pezzi<\/p>\n","protected":false},"featured_media":3188,"template":"","meta":[],"_links":{"self":[{"href":"https:\/\/americanwildwheels.com\/index.php?rest_route=\/wp\/v2\/product\/3185"}],"collection":[{"href":"https:\/\/americanwildwheels.com\/index.php?rest_route=\/wp\/v2\/product"}],"about":[{"href":"https:\/\/americanwildwheels.com\/index.php?rest_route=\/wp\/v2\/types\/product"}],"wp:featuredmedia":[{"embeddable":true,"href":"https:\/\/americanwildwheels.com\/index.php?rest_route=\/wp\/v2\/media\/3188"}],"wp:attachment":[{"href":"https:\/\/americanwildwheels.com\/index.php?rest_route=%2Fwp%2Fv2%2Fmedia&parent=3185"}],"curies":[{"name":"wp","href":"https:\/\/api.w.org\/{rel}","templated":true}]}}