{"id":3766,"date":"2020-03-19T19:49:15","date_gmt":"2020-03-19T18:49:15","guid":{"rendered":"https:\/\/americanwildwheels.com\/?post_type=product&#038;p=3766"},"modified":"2023-12-12T08:59:34","modified_gmt":"2023-12-12T07:59:34","slug":"barra-stabilizzatrice-anti-rock-jeep-wrangler-jl-2018","status":"publish","type":"product","link":"https:\/\/americanwildwheels.com\/?product=barra-stabilizzatrice-anti-rock-jeep-wrangler-jl-2018","title":{"rendered":"Barra Stabilizzatrice Anteriore SwayBar AntiRock Currie &#8211; Jeep Wrangler JL (2018+)"},"content":{"rendered":"<p>Un must da avere per tutti gli appassionati di Offroad, che vogliono optare per una <strong>soluzione pratica e tecnicamente molto valida per migliorare le prestazioni offroad<\/strong> della propria Jeep Wrangler JL, <strong>senza per\u00f2 voler rinunciare a stabilit\u00e0 e sicurezza nella guida stradale.<\/strong><\/p>\n<p><strong>Com&#8217;\u00e8 fatta e quali sono i vantaggi che derivano nel montare un Kit SwayBar AntiRock anteriore?<\/strong><\/p>\n<p>La barra stabilizzatrice montata di serie sulle nostre Jeep risulta essere un elemento indispensabile per l&#8217;utilizzo stradale del mezzo, in quanto permette appunto di <strong>&#8220;stabilizzare&#8221; il comportamento dinamico durante la marcia<\/strong>. Questo aspetto per\u00f2, va a <strong>penalizzare il comportamento<\/strong>\u00a0<strong>in fuoristrada<\/strong>, perch\u00e8 <strong>la capacit\u00e0 di escursione del ponte anteriore sar\u00e0 fortemente limitata dalla barra stabilizzatrice originale,<\/strong> che normalmente \u00e8 fissata con delle biellette che non sono disconnettibili.<\/p>\n<p>L&#8217;AntiRock della Currie va a<strong> sostituire la barra stabilizzatrice<\/strong> montata in origine sulla Jeep e si differenzia da questa perch\u00e8, pur <strong>rimanendo sempre collegata<\/strong>, <strong>permette un&#8217;articolazione del ponte pi\u00f9 libera e slegata.<\/strong><\/p>\n<p>Rispetto ad una barra stabilizzatrice originale del JL Rubicon sganciata, l<strong>a\u00a0barra stabilizzatrice Currie AntiRock anteriore offre allo stesso tempo una certa resistenza per evitare l&#8217;eccesso di rollio, specialmente nei passaggi con forte pendenza laterale. <\/strong><\/p>\n<p>Questa versione include i <strong>bracci in alluminio ricavati dal pieno e le biellette Rock Jock dotate di giunti sferici Uniball,<\/strong> soluzione tecnica di<strong> elevata qualit\u00e0 e durata.<\/strong><\/p>\n<p><b>DETTAGLI PRODOTTO:<\/b><\/p>\n<ul>\n<li>Per Jeep Wrangler JL e JL Unlimited<\/li>\n<li>Miglioramento delle performance in Offroad<\/li>\n<li>Ottimo compromesso tra comportamento dinamico su strada ed articolazione in Offroad.<\/li>\n<li>Materiale e realizzazione di elevata qualit\u00e0: alluminio ricavato dal pieno e giunti sferici Uniball<\/li>\n<li>Una volta montata, la Jeep avr\u00e0 un comportamento pi\u00f9 morbido su strada rispetto alla rigidit\u00e0 derivante dalla barra stabilizzatrice originale. Questo si tradurr\u00e0 in un miglioramento della guida in offroad, con maggiori capacit\u00e0 di articolazione e trazione.<\/li>\n<li>Per Jeep JL Rubicon equipaggiati con sgancio della barra stabilizzatrice elettronico, \u00e8 necessario l&#8217;utilizzo di un tuner (AEV ProCal or equivalent) per eliminare la spia sul cruscotto, nel momento in cui verr\u00e0 smontata la barra stabilizzatrice originale.<\/li>\n<\/ul>\n<p><b>PER I SEGUENTI MODELLI:<\/b><\/p>\n<div class=\"tab-content\">\n<div class=\"std\">\n<div class=\"new show-product-name\">\n<div class=\"tab-content\">\n<div class=\"std\">\n<div class=\"new show-product-name\">\n<ul>\n<li>Jeep Wrangler JL (2018+)<\/li>\n<li>Jeep Wrangler JL Unlimited (2018+)<\/li>\n<\/ul>\n<\/div>\n<\/div>\n<\/div>\n<\/div>\n<\/div>\n<\/div>\n","protected":false},"excerpt":{"rendered":"<ul>\n<li>Per Jeep Wrangler JL e JL Unlimited<\/li>\n<li>Elevato miglioramento delle performance in Offroad, senza necessit\u00e0 di dover disconnettere la barra stabilizzatrice<\/li>\n<li>Ottimo compromesso tra comportamento dinamico su strada ed articolazione in Offroad<\/li>\n<li>Materiale e realizzazione di elevata qualit\u00e0: alluminio ricavato dal pieno e giunti sferici Uniball<\/li>\n<\/ul>\n","protected":false},"featured_media":3767,"template":"","meta":[],"_links":{"self":[{"href":"https:\/\/americanwildwheels.com\/index.php?rest_route=\/wp\/v2\/product\/3766"}],"collection":[{"href":"https:\/\/americanwildwheels.com\/index.php?rest_route=\/wp\/v2\/product"}],"about":[{"href":"https:\/\/americanwildwheels.com\/index.php?rest_route=\/wp\/v2\/types\/product"}],"wp:featuredmedia":[{"embeddable":true,"href":"https:\/\/americanwildwheels.com\/index.php?rest_route=\/wp\/v2\/media\/3767"}],"wp:attachment":[{"href":"https:\/\/americanwildwheels.com\/index.php?rest_route=%2Fwp%2Fv2%2Fmedia&parent=3766"}],"curies":[{"name":"wp","href":"https:\/\/api.w.org\/{rel}","templated":true}]}}