{"id":4836,"date":"2021-10-13T11:10:10","date_gmt":"2021-10-13T09:10:10","guid":{"rendered":"https:\/\/americanwildwheels.com\/?post_type=product&#038;p=4836"},"modified":"2021-10-13T11:10:10","modified_gmt":"2021-10-13T09:10:10","slug":"cassetto-di-sicurezza-smittybilt-jeep-wrangler-tj-1997-2006","status":"publish","type":"product","link":"https:\/\/americanwildwheels.com\/?product=cassetto-di-sicurezza-smittybilt-jeep-wrangler-tj-1997-2006","title":{"rendered":"Cassetto di Sicurezza Smittybilt &#8211; Jeep Wrangler TJ (1997-2006)"},"content":{"rendered":"<div class=\"row description\">\n<p class=\"\">Questo cassetto di sicurezza realizzato da Smittybilt si installa semplicemente infilandolo all&#8217;interno del cassetto originale del cruscotto. Il vantaggio \u00e9 che invece di uno sportello in plastica poco sicuro, questo cassetto \u00e9 interamente realizzato in metallo ed \u00e9 provvisto di una chiusura di sicurezza.<\/p>\n<\/div>\n<div class=\"row marginT\">\n<p class=\"bold\"><strong>DETTAGLI DEL PRODOTTO:<\/strong><\/p>\n<ul class=\"ulPuntato\">\n<li>Per Jeep Wrangler TJ (1997-2006)<\/li>\n<li>Cassetto di sicurezza<\/li>\n<li>Realizzato in metallo<\/li>\n<li>Chiusura di sicurezza<\/li>\n<li>Si inserisce nel compartimento originale<\/li>\n<li>Non richiede modifiche per l&#8217;installazione<\/li>\n<\/ul>\n<p><strong>PER I SEGUENTI MODELLI:<\/strong><\/p>\n<ul>\n<li>Jeep Wrangler TJ (1997-2006)<\/li>\n<\/ul>\n<\/div>\n","protected":false},"excerpt":{"rendered":"<ul class=\"ulPuntato\">\n<li>Per Jeep Wrangler TJ (1997-2006)<\/li>\n<li>Cassetto di sicurezza<\/li>\n<li>Realizzato in metallo<\/li>\n<li>Chiusura di sicurezza<\/li>\n<li>Si inserisce nel compartimento originale<\/li>\n<li>Non richiede modifiche per l&#8217;installazione<\/li>\n<\/ul>\n<p><img loading=\"lazy\" decoding=\"async\" class=\"alignnone size-medium wp-image-3903\" src=\"https:\/\/americanwildwheels.com\/wp-content\/uploads\/2020\/03\/41Sg-4dUTsL._SR600315_PIWhiteStripBottomLeft035_SCLZZZZZZZ_-300x175.jpg\" alt=\"\" width=\"300\" height=\"175\" srcset=\"https:\/\/americanwildwheels.com\/wp-content\/uploads\/2020\/03\/41Sg-4dUTsL._SR600315_PIWhiteStripBottomLeft035_SCLZZZZZZZ_-300x175.jpg 300w, https:\/\/americanwildwheels.com\/wp-content\/uploads\/2020\/03\/41Sg-4dUTsL._SR600315_PIWhiteStripBottomLeft035_SCLZZZZZZZ_-416x243.jpg 416w, https:\/\/americanwildwheels.com\/wp-content\/uploads\/2020\/03\/41Sg-4dUTsL._SR600315_PIWhiteStripBottomLeft035_SCLZZZZZZZ_.jpg 600w\" sizes=\"(max-width: 300px) 100vw, 300px\" \/><\/p>\n","protected":false},"featured_media":4842,"template":"","meta":[],"_links":{"self":[{"href":"https:\/\/americanwildwheels.com\/index.php?rest_route=\/wp\/v2\/product\/4836"}],"collection":[{"href":"https:\/\/americanwildwheels.com\/index.php?rest_route=\/wp\/v2\/product"}],"about":[{"href":"https:\/\/americanwildwheels.com\/index.php?rest_route=\/wp\/v2\/types\/product"}],"wp:featuredmedia":[{"embeddable":true,"href":"https:\/\/americanwildwheels.com\/index.php?rest_route=\/wp\/v2\/media\/4842"}],"wp:attachment":[{"href":"https:\/\/americanwildwheels.com\/index.php?rest_route=%2Fwp%2Fv2%2Fmedia&parent=4836"}],"curies":[{"name":"wp","href":"https:\/\/api.w.org\/{rel}","templated":true}]}}