{"id":5174,"date":"2021-10-13T11:09:28","date_gmt":"2021-10-13T09:09:28","guid":{"rendered":"https:\/\/americanwildwheels.com\/?post_type=product&#038;p=5174"},"modified":"2021-10-13T11:09:28","modified_gmt":"2021-10-13T09:09:28","slug":"coppia-di-luci-led-rigid-industries-radiance-pod","status":"publish","type":"product","link":"https:\/\/americanwildwheels.com\/?product=coppia-di-luci-led-rigid-industries-radiance-pod","title":{"rendered":"Coppia di Luci Led Rigid Industries Radiance Pod"},"content":{"rendered":"<p>Il nuovissimo Radiance Pod di Rigid Industries \u00e8 la soluzione perfetta per coloro che desiderano la leggendaria qualit\u00e0 di Rigid a un livello che tutti possono raggiungere.\u00a0Il Radiance Pod \u00e8 costruito con lo stesso alloggiamento in lega di alluminio di alta qualit\u00e0 della nostra leggendaria serie D, ma \u00e8 qui che finiscono le somiglianze visive.\u00a0All&#8217;interno, il Radiance Pod di Rigid Industries \u00e8 ricco di funzionalit\u00e0, con un circuito stampato a vista nero, ottiche proiettanti in avanti che ottimizzano l&#8217;emissione di luce e la retroilluminazione disponibile in bianco, verde, ambra, blu e rosso.\u00a0Il Radiance Pod di Rigid Industries \u00e8 per il cliente che desidera un look davvero personalizzato che solo Rigid pu\u00f2 fornire.\u00a0Il cablaggio Multi-Switch \u00e8 necessario per l&#8217;installazione e disponibile nella sezione dei consigli dei nostri esperti.<\/p>\n<p><strong>DETTAGLI DEL PRODOTTO:\u00a0<\/strong><\/p>\n<ul>\n<li>Ampia luce spot<\/li>\n<li>9-15 V CC<\/li>\n<li>Alluminio di alta qualit\u00e0<\/li>\n<li>Alloggiamento in lega e dissipatore di calore<\/li>\n<li>Staffe di montaggio incluse<\/li>\n<li>Cavo dedicato per eseguire la retroilluminazione senza LED primari<\/li>\n<li>Conformit\u00e0 IP68 &#8211; Ingresso polvere \/ acqua<\/li>\n<li>Lenti in policarbonato ad alto impatto<\/li>\n<li>Cablaggio multi-switch completo disponibile # 40300 (venduto separatamente)<\/li>\n<li>GORE\u00ae Pressure Equalizing Vent<\/li>\n<li>Circuito stampato nero esposto<\/li>\n<li>Retroilluminazione controllata in modo indipendente<\/li>\n<li>Costruzione e durata della serie D\u00ae Nuova ottica ampia<\/li>\n<\/ul>\n<p><b>Specifiche<\/b><\/p>\n<ul>\n<li>Watt: 15<\/li>\n<li>Amp Draw: 1<\/li>\n<li>LED: 3<\/li>\n<li>Lumen grezzi: 900<\/li>\n<li>Lux @ 10m: 125<\/li>\n<li>Distanza del fascio: 112 m<\/li>\n<li>Intensit\u00e0 del fascio di picco: 12456 cd<\/li>\n<\/ul>\n<p>&nbsp;<\/p>\n","protected":false},"excerpt":{"rendered":"<p>Il nuovissimo Radiance Pod di Rigid Industries \u00e8 la soluzione perfetta per coloro che desiderano la leggendaria qualit\u00e0 di Rigid a un livello che tutti possono raggiungere.\u00a0Il Radiance Pod \u00e8 costruito con lo stesso alloggiamento in lega di alluminio di alta qualit\u00e0 della nostra leggendaria serie D, ma \u00e8 qui che finiscono le somiglianze visive.\u00a0All&#8217;interno, [&hellip;]<\/p>\n","protected":false},"featured_media":5175,"template":"","meta":[],"_links":{"self":[{"href":"https:\/\/americanwildwheels.com\/index.php?rest_route=\/wp\/v2\/product\/5174"}],"collection":[{"href":"https:\/\/americanwildwheels.com\/index.php?rest_route=\/wp\/v2\/product"}],"about":[{"href":"https:\/\/americanwildwheels.com\/index.php?rest_route=\/wp\/v2\/types\/product"}],"wp:featuredmedia":[{"embeddable":true,"href":"https:\/\/americanwildwheels.com\/index.php?rest_route=\/wp\/v2\/media\/5175"}],"wp:attachment":[{"href":"https:\/\/americanwildwheels.com\/index.php?rest_route=%2Fwp%2Fv2%2Fmedia&parent=5174"}],"curies":[{"name":"wp","href":"https:\/\/api.w.org\/{rel}","templated":true}]}}