{"id":5178,"date":"2022-01-18T11:36:13","date_gmt":"2022-01-18T10:36:13","guid":{"rendered":"https:\/\/americanwildwheels.com\/?post_type=product&#038;p=5178"},"modified":"2022-01-18T11:51:19","modified_gmt":"2022-01-18T10:51:19","slug":"specchietti-laterali-riflettenti-64011-rigid-industries","status":"publish","type":"product","link":"https:\/\/americanwildwheels.com\/?product=specchietti-laterali-riflettenti-64011-rigid-industries","title":{"rendered":"Specchietti Laterali Led Rigid Industries &#8211; Jeep Wrangler JK (2007-2017)"},"content":{"rendered":"<p>Questo\u00a0<strong>set di specchietti a led della Rigid Industries<\/strong> offrono un design combinato specchio \/ luce.<\/p>\n<p>Ci\u00f2 consentir\u00e0 di tenere d&#8217;occhio cosa c&#8217;\u00e8 dietro di te, illuminando al contempo la strada che stai affrontando. Utilizzando la tecnologia LED brevettata di RI e l&#8217;ottica Side Shooter, queste luci forniscono un ampio fascio illuminante, ideale per aiutarti a vedere durante la navigazione su sentieri bui e remoti.<\/p>\n<p>I led ambra incorporati, possono funzionare come indicatori di direzione, luci di marcia o segnali di pericolo.<\/p>\n<p>Prodotto negli USA<\/p>\n<p><strong>* Nota: per le applicazioni non universali sono necessari i supporti per porta JK di Rigid Industries o le staffe per montante Jeep Wrangler JK.<\/strong><\/p>\n<p><strong>DETTAGLI DEL PRODOTTO: <\/strong><\/p>\n<ul>\n<li><strong>Design innovativo: <\/strong>la\u00a0prima Jeep nel settore, combo specchio \/ luce a doppio scopo.<\/li>\n<li><strong>Personalizzabile:<\/strong>\u00a0sia lo specchio che la luce possono essere regolati in modo indipendente, mentre la cornice pu\u00f2 essere rimossa per una pi\u00f9 facile applicazione della vernice coordinata, se lo si desidera.<\/li>\n<li><strong>Pronto per la strada: <\/strong>i\u00a0LED ambra multiuso possono essere utilizzati come indicatori di direzione, luci di marcia o segnali di pericolo.<\/li>\n<li><strong>Applicazione universale:<\/strong>\u00a0pu\u00f2 essere utilizzato con le staffe di fissaggio incluse se si monta su strutture a barra.<\/li>\n<li><b>Colore:\u00a0<\/b>nero<\/li>\n<li><b>Modello di luce:\u00a0<\/b>inondazione<\/li>\n<li><b>Tipo di illuminazione:\u00a0<\/b>indicatori laterali e luci accessorie<\/li>\n<\/ul>\n<p><strong>PER I SEGUENTI MODELLI:<\/strong><\/p>\n<ul>\n<li>Jeep Wrangler JK (2007-2017)<\/li>\n<\/ul>\n","protected":false},"excerpt":{"rendered":"<ul>\n<li>Design Innovativo<\/li>\n<li>Personalizzabile e regolabile<\/li>\n<li>Led incorporati (luci di marcia ed indicatori di direzione)<\/li>\n<li>Prodotto Made in Usa<\/li>\n<\/ul>\n<p><img loading=\"lazy\" decoding=\"async\" class=\"alignnone size-medium wp-image-6029\" src=\"https:\/\/americanwildwheels.com\/wp-content\/uploads\/2022\/01\/Logo-2-300x87.png\" alt=\"\" width=\"300\" height=\"87\" srcset=\"https:\/\/americanwildwheels.com\/wp-content\/uploads\/2022\/01\/Logo-2-300x87.png 300w, https:\/\/americanwildwheels.com\/wp-content\/uploads\/2022\/01\/Logo-2-416x120.png 416w, https:\/\/americanwildwheels.com\/wp-content\/uploads\/2022\/01\/Logo-2.png 506w\" sizes=\"(max-width: 300px) 100vw, 300px\" \/><\/p>\n","protected":false},"featured_media":6026,"template":"","meta":[],"_links":{"self":[{"href":"https:\/\/americanwildwheels.com\/index.php?rest_route=\/wp\/v2\/product\/5178"}],"collection":[{"href":"https:\/\/americanwildwheels.com\/index.php?rest_route=\/wp\/v2\/product"}],"about":[{"href":"https:\/\/americanwildwheels.com\/index.php?rest_route=\/wp\/v2\/types\/product"}],"wp:featuredmedia":[{"embeddable":true,"href":"https:\/\/americanwildwheels.com\/index.php?rest_route=\/wp\/v2\/media\/6026"}],"wp:attachment":[{"href":"https:\/\/americanwildwheels.com\/index.php?rest_route=%2Fwp%2Fv2%2Fmedia&parent=5178"}],"curies":[{"name":"wp","href":"https:\/\/api.w.org\/{rel}","templated":true}]}}