{"id":5549,"date":"2021-10-13T11:01:16","date_gmt":"2021-10-13T09:01:16","guid":{"rendered":"https:\/\/americanwildwheels.com\/?post_type=product&#038;p=5549"},"modified":"2021-10-13T11:01:16","modified_gmt":"2021-10-13T09:01:16","slug":"kit-freni-teraflex-big-brake-jeep-wrangler-jk-2007-2017","status":"publish","type":"product","link":"https:\/\/americanwildwheels.com\/?product=kit-freni-teraflex-big-brake-jeep-wrangler-jk-2007-2017","title":{"rendered":"Kit Freni Teraflex Big Brake &#8211; Jeep Wrangler JK (2007-2017)"},"content":{"rendered":"<div class=\"row description\">\n<p class=\"\">Il kit freni anteriore Big Brake TeraFlex per Jeep Wrangler JK (2007-2017) \u00e8 progettato come un aggiornamento dei freni originali per i proprietari di JK che cercano un pacchetto di freni ad alte prestazioni che gestir\u00e0 i requisiti di frenata aumentati dopo l&#8217;installazione di pneumatici pi\u00f9 grandi. Questo kit non richiede nessun tipo di modifica, \u00e9 un aggiornamento plug&amp;play che migliora istantaneamente le prestazioni in frenata del tuo Jeep Wrangler JK. I JK 2007, 2008 e 2011 hanno una maggiore necessit\u00e0 del cilindro principale freno HD raccomandato ed \u00e8 altamente raccomandato per quelle applicazioni.<\/p>\n<\/div>\n<div class=\"row marginT\">\n<p class=\"bold\"><strong>DETTAGLI DEL PRODOTTO:\u00a0<\/strong><\/p>\n<ul class=\"ulPuntato\">\n<li>Per Jeep Wrangler JK 3 porte (2007-2017)<\/li>\n<li>Per Jeep Wrangler JK 4 porte (2007-2017)<\/li>\n<li>2 x Dischi baffati<\/li>\n<li>2 x pinze freno maggiorate<\/li>\n<li>4 x pastiglie SEMI-METALLIC<\/li>\n<li>Prestazioni di frenata migliorate rispetto al sistema frenante originale<\/li>\n<li>Nessuna modifica richiesta<\/li>\n<li>Mantiene il freno di stazionamento originale<\/li>\n<li>Disco lavorato da 13,3 &#8220;(338 mm) pi\u00f9 grande per prestazioni di arresto superiori<\/li>\n<li>Pinze da 56 mm per una maggiore forza di serraggio<\/li>\n<li>I dischi scanalati offrono una migliore dissipazione del calore rispetto ai dischi lisci<\/li>\n<li>I rotori presentano schemi a doppio bullone: \u200b\u200b5&#215;5 &#8220;(5&#215;127) e 5&#215;5,5&#8221; (5&#215;139,7)<\/li>\n<li>Nei modelli fabbricati negli anni 07-11, si consiglia di utilizzare il kit pompa freno<\/li>\n<\/ul>\n<p><strong>PER I SEGUENTI MODELLI: <\/strong><\/p>\n<ul>\n<li>Jeep Wrangler JK 3 porte (2007-2017)<\/li>\n<li>Jeep Wrangler JK 4 porte (2007-2017)<\/li>\n<\/ul>\n<\/div>\n","protected":false},"excerpt":{"rendered":"<ul>\n<li>Per Jeep Wrangler JK 3 porte (2007-2017)<\/li>\n<li>Per Jeep Wrangler JK 4 porte (2007-2017)<\/li>\n<li>2 x Dischi baffati<\/li>\n<li>2 x pinze freno maggiorate<\/li>\n<li>4 x pastiglie SEMI-METALLIC<\/li>\n<li>Prestazioni di frenata migliorate rispetto al sistema frenante originale<\/li>\n<li>Nessuna modifica richiesta<\/li>\n<li>Mantiene il freno di stazionamento originale<\/li>\n<li>Disco lavorato da 13,3 &#8220;(338 mm) pi\u00f9 grande per prestazioni di arresto superiori<\/li>\n<li>Pinze da 56 mm per una maggiore forza di serraggio<\/li>\n<li>I dischi scanalati offrono una migliore dissipazione del calore rispetto ai dischi lisci<\/li>\n<li>I rotori presentano schemi a doppio bullone: \u200b\u200b5&#215;5 &#8220;(5&#215;127) e 5&#215;5,5&#8221; (5&#215;139,7)<\/li>\n<li>Nei modelli fabbricati negli anni 07-11, si consiglia di utilizzare il kit pompa freno<\/li>\n<\/ul>\n<p><img loading=\"lazy\" decoding=\"async\" class=\"alignnone size-full wp-image-4647\" src=\"https:\/\/americanwildwheels.com\/wp-content\/uploads\/2020\/11\/teraflex.png\" alt=\"\" width=\"287\" height=\"100\" \/><\/p>\n","protected":false},"featured_media":5550,"template":"","meta":[],"_links":{"self":[{"href":"https:\/\/americanwildwheels.com\/index.php?rest_route=\/wp\/v2\/product\/5549"}],"collection":[{"href":"https:\/\/americanwildwheels.com\/index.php?rest_route=\/wp\/v2\/product"}],"about":[{"href":"https:\/\/americanwildwheels.com\/index.php?rest_route=\/wp\/v2\/types\/product"}],"wp:featuredmedia":[{"embeddable":true,"href":"https:\/\/americanwildwheels.com\/index.php?rest_route=\/wp\/v2\/media\/5550"}],"wp:attachment":[{"href":"https:\/\/americanwildwheels.com\/index.php?rest_route=%2Fwp%2Fv2%2Fmedia&parent=5549"}],"curies":[{"name":"wp","href":"https:\/\/api.w.org\/{rel}","templated":true}]}}